{"id":154,"date":"2026-03-23T14:53:52","date_gmt":"2026-03-23T17:53:52","guid":{"rendered":"http:\/\/pach.net.br\/?post_type=product&#038;p=154"},"modified":"2026-03-24T13:08:00","modified_gmt":"2026-03-24T16:08:00","slug":"%f0%9f%94%b4-juros-abusivos-financiamentos-emprestimos-e-cartoes","status":"publish","type":"product","link":"https:\/\/pach.net.br\/?product=%f0%9f%94%b4-juros-abusivos-financiamentos-emprestimos-e-cartoes","title":{"rendered":"\ud83d\udd34 JUROS ABUSIVOS (FINANCIAMENTOS, EMPR\u00c9STIMOS E CART\u00d5ES)"},"content":{"rendered":"<h3 data-start=\"798\" data-end=\"848\">Voc\u00ea pode estar pagando muito mais do que deveria.<\/h3>\n<h3 data-start=\"850\" data-end=\"929\">Recalculamos sua d\u00edvida com base na taxa m\u00e9dia do Banco Central, identificando:<\/h3>\n<ul data-start=\"930\" data-end=\"1016\">\n<li data-section-id=\"4p72rj\" data-start=\"930\" data-end=\"953\">\n<h3>Redu\u00e7\u00e3o de parcelas<\/h3>\n<\/li>\n<li data-section-id=\"1qq4jyi\" data-start=\"954\" data-end=\"982\">\n<h3>Revis\u00e3o do saldo devedor<\/h3>\n<\/li>\n<li data-section-id=\"1t4kiri\" data-start=\"983\" data-end=\"1016\">\n<h3>Valores pagos a mais (ind\u00e9bito)<\/h3>\n<\/li>\n<\/ul>\n<h3 data-start=\"1018\" data-end=\"1076\">\ud83d\udcc4 Entregamos c\u00e1lculo completo + base para a\u00e7\u00e3o revisional<\/h3>\n<h2 data-start=\"1078\" data-end=\"1135\">\ud83d\udc49 <strong data-start=\"1081\" data-end=\"1135\">Descubra agora se voc\u00ea est\u00e1 pagando juros abusivos<\/strong><\/h2>\n<h1 style=\"text-align: center;\"><a href=\"http:\/\/pach.net.br\/?page_id=32\">CONTATO<\/a><\/h1>\n","protected":false},"excerpt":{"rendered":"<h3 data-start=\"798\" data-end=\"848\">Voc\u00ea pode estar pagando muito mais do que deveria.<\/h3>\n<h3 data-start=\"850\" data-end=\"929\">Recalculamos sua d\u00edvida com base na taxa m\u00e9dia do Banco Central, identificando:<\/h3>\n<ul data-start=\"930\" data-end=\"1016\">\n<li data-section-id=\"4p72rj\" data-start=\"930\" data-end=\"953\">\n<h3>Redu\u00e7\u00e3o de parcelas<\/h3>\n<\/li>\n<li data-section-id=\"1qq4jyi\" data-start=\"954\" data-end=\"982\">\n<h3>Revis\u00e3o do saldo devedor<\/h3>\n<\/li>\n<li data-section-id=\"1t4kiri\" data-start=\"983\" data-end=\"1016\">\n<h3>Valores pagos a mais (ind\u00e9bito)<\/h3>\n<\/li>\n<\/ul>\n<h3 data-start=\"1018\" data-end=\"1076\">\ud83d\udcc4 Entregamos c\u00e1lculo completo + base para a\u00e7\u00e3o revisional<\/h3>\n","protected":false},"featured_media":155,"comment_status":"open","ping_status":"closed","template":"","meta":[],"product_brand":[],"product_cat":[18],"product_tag":[],"class_list":{"0":"post-154","1":"product","2":"type-product","3":"status-publish","4":"has-post-thumbnail","6":"product_cat-calculo","8":"first","9":"instock","10":"shipping-taxable","11":"product-type-simple"},"jetpack_sharing_enabled":true,"_links":{"self":[{"href":"https:\/\/pach.net.br\/index.php?rest_route=\/wp\/v2\/product\/154","targetHints":{"allow":["GET"]}}],"collection":[{"href":"https:\/\/pach.net.br\/index.php?rest_route=\/wp\/v2\/product"}],"about":[{"href":"https:\/\/pach.net.br\/index.php?rest_route=\/wp\/v2\/types\/product"}],"replies":[{"embeddable":true,"href":"https:\/\/pach.net.br\/index.php?rest_route=%2Fwp%2Fv2%2Fcomments&post=154"}],"wp:featuredmedia":[{"embeddable":true,"href":"https:\/\/pach.net.br\/index.php?rest_route=\/wp\/v2\/media\/155"}],"wp:attachment":[{"href":"https:\/\/pach.net.br\/index.php?rest_route=%2Fwp%2Fv2%2Fmedia&parent=154"}],"wp:term":[{"taxonomy":"product_brand","embeddable":true,"href":"https:\/\/pach.net.br\/index.php?rest_route=%2Fwp%2Fv2%2Fproduct_brand&post=154"},{"taxonomy":"product_cat","embeddable":true,"href":"https:\/\/pach.net.br\/index.php?rest_route=%2Fwp%2Fv2%2Fproduct_cat&post=154"},{"taxonomy":"product_tag","embeddable":true,"href":"https:\/\/pach.net.br\/index.php?rest_route=%2Fwp%2Fv2%2Fproduct_tag&post=154"}],"curies":[{"name":"wp","href":"https:\/\/api.w.org\/{rel}","templated":true}]}}