{"id":142,"date":"2026-04-13T19:04:16","date_gmt":"2026-04-13T22:04:16","guid":{"rendered":"http:\/\/pach.net.br\/?page_id=142"},"modified":"2026-04-13T19:04:19","modified_gmt":"2026-04-13T22:04:19","slug":"teses-juridicas-disponiveis","status":"publish","type":"page","link":"https:\/\/pach.net.br\/?page_id=142","title":{"rendered":"Teses Jur\u00eddicas Dispon\u00edveis"},"content":{"rendered":"\n<p class=\"has-large-font-size\"><strong><em>01. Juros Abusivos<\/em><\/strong><\/p>\n\n\n<div class=\"wp-block-image\">\n<figure class=\"aligncenter size-full is-resized\"><img loading=\"lazy\" decoding=\"async\" width=\"325\" height=\"155\" src=\"http:\/\/pach.net.br\/wp-content\/uploads\/2026\/03\/Juros-Abusivos.jpeg\" alt=\"Juros Abusivos\" class=\"wp-image-155\" style=\"width:258px;height:auto\" srcset=\"https:\/\/pach.net.br\/wp-content\/uploads\/2026\/03\/Juros-Abusivos.jpeg 325w, https:\/\/pach.net.br\/wp-content\/uploads\/2026\/03\/Juros-Abusivos-300x143.jpeg 300w\" sizes=\"auto, (max-width: 325px) 100vw, 325px\" \/><\/figure>\n<\/div>\n\n\n<p class=\"has-medium-font-size\">Realinhamos o valor cobrado pela institui\u00e7\u00e3o financeira ao valor entendido como legal, podendo resultar tanto em um novo saldo devedor e consequentemente um novo valor de presta\u00e7\u00e3o mensal quanto em um saldo a receber (ind\u00e9bito). O valor da nova parcela revisada \u00e9 calculado automaticamente aplicando a\u00a0taxa m\u00e9dia de juros do mercado financeiro\u00a0publicada pelo\u00a0BACEN\u00a0a \u00e9poca da celebra\u00e7\u00e3o de contrato para a modalidade de cr\u00e9dito contratado.\u00a0 C\u00e1lculo de juros abusivos para a\u00e7\u00e3o revisional de financiamentos, empr\u00e9stimo, Faturas de Cart\u00f5es de Cr\u00e9dito, Parcelamentos e An\u00e1lise de Extratos Banc\u00e1rios correspondentes. <em><u>N\u00e3o pague<\/u><\/em> nada mais que o justo.\u00a0Fazemos o c\u00e1lculo revisional de financiamentos a fim de verificar eventuais pr\u00e1ticas abusivas na aplica\u00e7\u00e3o dos juros, realinhando o valor das parcelas cobradas pela institui\u00e7\u00e3o financeira ao patamar entendido como legal conforme a\u00a0Taxa M\u00e9dia de Juros do mercado financeiro publicadas pelo BACEN\u00a0para cada modalidade de contrato, levando em considera\u00e7\u00e3o diversas jurisprud\u00eancias sobre o tema. Emitimos o\u00a0relat\u00f3rio de c\u00e1lculo, parecer t\u00e9cnico e auxiliamos na peti\u00e7\u00e3o correspondente.<\/p>\n\n\n\n<p class=\"has-large-font-size\"><strong><em>02. Corre\u00e7\u00e3o Monet\u00e1ria<\/em><\/strong><\/p>\n\n\n<div class=\"wp-block-image\">\n<figure class=\"aligncenter size-full is-resized\"><img loading=\"lazy\" decoding=\"async\" width=\"259\" height=\"194\" src=\"http:\/\/pach.net.br\/wp-content\/uploads\/2026\/03\/Correcao-Monetaria.jpeg\" alt=\"\" class=\"wp-image-159\" style=\"width:225px;height:auto\"\/><\/figure>\n<\/div>\n\n\n<p class=\"has-medium-font-size\">Calculamos juros e corre\u00e7\u00e3o monet\u00e1ria, j\u00e1 de forma adequada a nova\u00a0Lei 14.905\/2024\u00a0onde ficou estabelecido que quando n\u00e3o forem convencionados, ou quando o forem sem taxa estipulada, ou quando provierem de determina\u00e7\u00e3o da lei, os juros ser\u00e3o fixados de acordo com a taxa legal. A taxa legal corresponder\u00e1 \u00e0 taxa referencial do Sistema Especial de Liquida\u00e7\u00e3o e de Cust\u00f3dia (Selic). Os c\u00e1lculos permitem a op\u00e7\u00e3o de informar valores j\u00e1 pagos a serem deduzidos no c\u00e1lculo. Muito utilizado para atualiza\u00e7\u00e3o de valores judiciais.<\/p>\n\n\n\n<p class=\"has-large-font-size\"><strong><em>03. C\u00e1lculos Trabalhistas<\/em><\/strong><\/p>\n\n\n<div class=\"wp-block-image\">\n<figure class=\"aligncenter size-full is-resized\"><img loading=\"lazy\" decoding=\"async\" width=\"318\" height=\"159\" src=\"http:\/\/pach.net.br\/wp-content\/uploads\/2026\/04\/trabalhistas.jpeg\" alt=\"\" class=\"wp-image-233\" style=\"width:284px;height:auto\" srcset=\"https:\/\/pach.net.br\/wp-content\/uploads\/2026\/04\/trabalhistas.jpeg 318w, https:\/\/pach.net.br\/wp-content\/uploads\/2026\/04\/trabalhistas-300x150.jpeg 300w\" sizes=\"auto, (max-width: 318px) 100vw, 318px\" \/><\/figure>\n<\/div>\n\n\n<p class=\"has-medium-font-size\">acordos, peti\u00e7\u00e3o inicial e liquida\u00e7\u00e3o de senten\u00e7a &#8211; calculamos o acerto trabalhista com juros e corre\u00e7\u00e3o monet\u00e1ria (13\u00ba sal\u00e1rio, f\u00e9rias, horas extras, reflexos, FGTS, DSR, adicional noturno, periculosidade, insalubridade e muito mais). Para quem atua na condu\u00e7\u00e3o de processos trabalhistas judiciais, seja para fundamentar uma reclama\u00e7\u00e3o, peti\u00e7\u00e3o inicial, liquida\u00e7\u00e3o da senten\u00e7a, contesta\u00e7\u00e3o dos c\u00e1lculos ou para formula\u00e7\u00e3o de acordos entre as partes envolvidas. \u00a0criado para facilitar o dia a dia dos profissionais que atuam direto ou indiretamente com c\u00e1lculos trabalhistas (advogados, peritos, contadores, administradores de Departamento Pessoal, Recursos Humanos entre outros profissionais que atuam na administra\u00e7\u00e3o do passivo trabalhista). Nossos c\u00e1lculos s\u00e3o utilizados constantemente por centenas de profissionais para obter o c\u00e1lculo exato das verbas trabalhistas e saber quanto o funcion\u00e1rio dever\u00e1 receber com sua demiss\u00e3o ou encerramento do contrato de trabalho, seja para acordos entre as partes envolvidas, peti\u00e7\u00e3o inicial ou liquida\u00e7\u00e3o de senten\u00e7a no \u00e2mbito jur\u00eddico.<\/p>\n\n\n\n<p class=\"has-large-font-size\"><strong><em>04. PASEP &#8211; C\u00e1lculos de atualiza\u00e7\u00e3o Monet\u00e1ria e Juros do Saldo<\/em><\/strong><\/p>\n\n\n<div class=\"wp-block-image\">\n<figure class=\"aligncenter size-full is-resized\"><img loading=\"lazy\" decoding=\"async\" width=\"288\" height=\"175\" src=\"http:\/\/pach.net.br\/wp-content\/uploads\/2026\/04\/Pasep.jpeg\" alt=\"\" class=\"wp-image-232\" style=\"aspect-ratio:1.6457482361678426;width:277px;height:auto\"\/><\/figure>\n<\/div>\n\n\n<p class=\"has-medium-font-size\">Calculamos a atualiza\u00e7\u00e3o monet\u00e1ria e juros das cotas do <strong>PASEP para servidores p\u00fablicos<\/strong> nas a\u00e7\u00f5es de cobran\u00e7a, com os devidos expurgos inflacion\u00e1rios. C\u00e1lculo realizado de forma r\u00e1pida, com base no saldo (SATU) de 08\/1988, data do zeramento da conta e o saldo j\u00e1 recebido. C\u00e1lculo com planilha elaborada dentro de uma realidade jur\u00eddica e bem fundamentada<strong>. <\/strong>Por sermos especializados em c\u00e1lculos jur\u00eddicos, procuramos ser o mais imparciais poss\u00edvel. Nosso trabalho de c\u00e1lculo de atualiza\u00e7\u00e3o do saldo (SATU) do PASEP, foi desenvolvido dentro de uma realidade jur\u00eddica e respeitando todas as diretrizes que o tema exige, mesmo assim \u00e9 poss\u00edvel que o servidor tenha diferen\u00e7as consider\u00e1veis a receber.<br><strong><em>Quem tem direito ao PASEP?<\/em><br><\/strong>Para ter direito ao PASEP h\u00e1 necessidade de cumprir os seguintes requisitos:<br>a) Ser servidor p\u00fablico ativo ou aposentado;<br>b) Ter ingressado no servi\u00e7o p\u00fablico at\u00e9 17 de agosto de 1988;<br>c) Ter sacado o PASEP h\u00e1 menos de 5 anos ou nunca ter sacado.<\/p>\n\n\n\n<p class=\"has-large-font-size\"><strong><em>05. C\u00e1lculo de Descontos Indevidos em Benef\u00edcios do INSS<\/em><\/strong><\/p>\n\n\n<div class=\"wp-block-image\">\n<figure class=\"aligncenter size-full is-resized\"><img loading=\"lazy\" decoding=\"async\" width=\"275\" height=\"183\" src=\"http:\/\/pach.net.br\/wp-content\/uploads\/2026\/04\/desconto-INSS-II.jpeg\" alt=\"\" class=\"wp-image-221\" style=\"width:255px;height:auto\"\/><\/figure>\n<\/div>\n\n\n<p class=\"has-medium-font-size\">Atrav\u00e9s <strong>da an\u00e1lise dos Extratos de pagamento do benef\u00edcio <\/strong>teremos os valores a serem restitu\u00eddos de forma r\u00e1pida.<\/p>\n\n\n\n<ul class=\"wp-block-list\">\n<li class=\"has-medium-font-size\">Corre\u00e7\u00e3o Monet\u00e1ria (v\u00e1rios \u00cdndices);<\/li>\n\n\n\n<li class=\"has-medium-font-size\">Juros (Lei 14.905 entre outros);<\/li>\n\n\n\n<li class=\"has-medium-font-size\">Valores em Dobro (ind\u00e9bito);<\/li>\n\n\n\n<li class=\"has-medium-font-size\">Embasamos a Peti\u00e7\u00e3o Inicial.<\/li>\n<\/ul>\n\n\n\n<p class=\"has-medium-font-size\">Um tema amplamente divulgado nos \u00faltimos dias tem sido o tema sobre <strong>o Esc\u00e2ndalo da Fraude do INSS<\/strong>, onde milh\u00f5es de aposentados e pensionistas tiveram descontos em seus benef\u00edcios sem que estes tenham realmente autorizado este desconto.<\/p>\n\n\n\n<p class=\"has-medium-font-size\">O <strong>INSS <\/strong>diz que vai restituir os valores das <strong>contribui\u00e7\u00f5es associativas fraudulentas<\/strong>, que foram descontadas <strong>sem que o Benefici\u00e1rio tenha previamente autorizado<\/strong>, mas n\u00e3o diz como e nem quando tal restitui\u00e7\u00e3o ocorrer\u00e1.<\/p>\n\n\n\n<p class=\"has-medium-font-size\">Caso o <strong>INSS<\/strong> realmente fa\u00e7a a restitui\u00e7\u00e3o dos valores, ser\u00e1 que tais valores ser\u00e3o restitu\u00eddos em dobro (ind\u00e9bito) e com a devida corre\u00e7\u00e3o monet\u00e1ria e juros?<\/p>\n\n\n\n<p class=\"has-medium-font-size\"><strong>E quanto ao Dano Moral?<\/strong><\/p>\n\n\n\n<p class=\"has-medium-font-size\">O constrangimento decorrente da cobran\u00e7a indevida e a dificuldade em reaver os valores retidos injustamente caracterizam, de forma clara, <strong>o dano moral indeniz\u00e1vel.<\/strong> Foi pensando em tudo isso que fazemos o c\u00e1lculo exclusivo para que seja poss\u00edvel calcular a restitui\u00e7\u00e3o desses <strong>descontos indevidos do INSS<\/strong> com juros e corre\u00e7\u00e3o monet\u00e1ria, embasando a correspondente a\u00e7\u00e3o judicial, para garantir os Direitos do Benefici\u00e1rio.<\/p>\n\n\n\n<p class=\"has-large-font-size\"><strong><em>06. C\u00e1lculos de Liquida\u00e7\u00e3o de Senten\u00e7a<\/em><\/strong><\/p>\n\n\n<div class=\"wp-block-image\">\n<figure class=\"aligncenter size-full is-resized\"><img loading=\"lazy\" decoding=\"async\" width=\"375\" height=\"134\" src=\"http:\/\/pach.net.br\/wp-content\/uploads\/2026\/03\/Liquid.-Sentenca.jpeg\" alt=\"\" class=\"wp-image-170\" style=\"width:291px;height:auto\" srcset=\"https:\/\/pach.net.br\/wp-content\/uploads\/2026\/03\/Liquid.-Sentenca.jpeg 375w, https:\/\/pach.net.br\/wp-content\/uploads\/2026\/03\/Liquid.-Sentenca-300x107.jpeg 300w\" sizes=\"auto, (max-width: 375px) 100vw, 375px\" \/><\/figure>\n<\/div>\n\n\n<ul class=\"wp-block-list\">\n<li class=\"has-medium-font-size\">A fase de liquida\u00e7\u00e3o de senten\u00e7a \u00e9 um dos momentos mais importantes do processo judicial, pois \u00e9 nela que se transforma o direito reconhecido em valores concretos a serem executados.<br>Pensando nisso, oferecemos um servi\u00e7o especializado de <strong>C\u00e1lculos de Liquida\u00e7\u00e3o de Senten\u00e7as<\/strong>, com precis\u00e3o t\u00e9cnica, clareza e total alinhamento \u00e0s determina\u00e7\u00f5es judiciais.<br><strong>\ud83d\udd0e O que fazemos &#8211; <\/strong>Realizamos a apura\u00e7\u00e3o detalhada dos valores devidos com base na senten\u00e7a, ac\u00f3rd\u00e3o ou decis\u00e3o judicial, considerando:<br>a) Corre\u00e7\u00e3o monet\u00e1ria conforme \u00edndices legais aplic\u00e1veis<br>b) Juros de mora (simples ou compostos, conforme o caso)<br>c) Multas, honor\u00e1rios advocat\u00edcios e encargos legais<br>d) Atualiza\u00e7\u00e3o de valores hist\u00f3ricos<br>e) Apura\u00e7\u00e3o de diferen\u00e7as (revis\u00f5es, rec\u00e1lculos, impugna\u00e7\u00f5es)<br>f) Elabora\u00e7\u00e3o de mem\u00f3ria de c\u00e1lculo clara e organizada<br><\/li>\n<\/ul>\n\n\n\n<p class=\"has-medium-font-size\">\u2696\ufe0f Tipos de Liquida\u00e7\u00e3o Atendidas<br>a) Atuamos em diversas \u00e1reas do direito, incluindo:<br>b) Liquida\u00e7\u00e3o de senten\u00e7a trabalhista<br>c) Liquida\u00e7\u00e3o de senten\u00e7a c\u00edvel<br>d) Revis\u00f5es banc\u00e1rias e financeiras<br>e) A\u00e7\u00f5es previdenci\u00e1rias<br>f) Indeniza\u00e7\u00f5es e danos morais\/materiais<\/p>\n\n\n\n<p><\/p>\n","protected":false},"excerpt":{"rendered":"<p>01. Juros Abusivos Realinhamos o valor cobrado pela institui\u00e7\u00e3o financeira ao valor entendido como legal, podendo resultar tanto em um novo saldo devedor e consequentemente um novo valor de presta\u00e7\u00e3o mensal quanto em um saldo a receber (ind\u00e9bito). O valor da nova parcela revisada \u00e9 calculado automaticamente aplicando a\u00a0taxa m\u00e9dia de juros do mercado financeiro\u00a0publicada<\/p><\/div>\n<div class=\"blog-btn\"><a href=\"https:\/\/pach.net.br\/?page_id=142\" class=\"home-blog-btn\">Ler mais<\/a><\/p>\n","protected":false},"author":1,"featured_media":0,"parent":0,"menu_order":0,"comment_status":"closed","ping_status":"closed","template":"","meta":{"footnotes":""},"class_list":["post-142","page","type-page","status-publish","hentry"],"jetpack_sharing_enabled":true,"_links":{"self":[{"href":"https:\/\/pach.net.br\/index.php?rest_route=\/wp\/v2\/pages\/142","targetHints":{"allow":["GET"]}}],"collection":[{"href":"https:\/\/pach.net.br\/index.php?rest_route=\/wp\/v2\/pages"}],"about":[{"href":"https:\/\/pach.net.br\/index.php?rest_route=\/wp\/v2\/types\/page"}],"author":[{"embeddable":true,"href":"https:\/\/pach.net.br\/index.php?rest_route=\/wp\/v2\/users\/1"}],"replies":[{"embeddable":true,"href":"https:\/\/pach.net.br\/index.php?rest_route=%2Fwp%2Fv2%2Fcomments&post=142"}],"version-history":[{"count":2,"href":"https:\/\/pach.net.br\/index.php?rest_route=\/wp\/v2\/pages\/142\/revisions"}],"predecessor-version":[{"id":280,"href":"https:\/\/pach.net.br\/index.php?rest_route=\/wp\/v2\/pages\/142\/revisions\/280"}],"wp:attachment":[{"href":"https:\/\/pach.net.br\/index.php?rest_route=%2Fwp%2Fv2%2Fmedia&parent=142"}],"curies":[{"name":"wp","href":"https:\/\/api.w.org\/{rel}","templated":true}]}}